at is -2 + -1 + -2 + (-6857 - -6838)?
-24
What is the value of -36 - (-11 - 41) - (-1 - 3)?
20
What is -3 + (41 - (-24 - -37)) + -102?
-77
What is the value of -2 + -54 + -6 + (1 - 17)?
-78
What is the value of -6 - -12 - 13 - (-6 - 21 - -12) - -33?
41
What is 3 + 15 + -38 + (99 - 51)?
28
5 + (37 - 51 - (-1 - -2)) - (30 - 2)
-38
Calculate (-557 - -537) + (76 - 0).
56
-70 - (2 - -1) - 3 - (84 + -38 + -43)
-79
Calculate (-4000 - -4025) + 1 + -111 + -1.
-86
Calculate -1 - (-1 - (-25 + 4 - -7)).
-14
What is the value of 46 + 4 + -3 + -9?
38
What is -1 - -6 - (95 + (-98 - -17))?
-9
What is the value of (18 - 1) + (22 - (9 + -8 + 27)) - 32?
-21
Evaluate -58 + 77 + 50 - (-3 + 4 + -1).
69
Evaluate -32 + (0 - 1) - ((-2 - 10 - -6) + 13).
-40
4 + 39 + -21 - (-18 + 6 + 7)
27
What is the value of 3 + 4 - ((2 - -50) + (57 - 29) + -21)?
-52
7 + -132 + 105 - 3
-23
What is the value of -6 + -10 + (16 + -5 - 2) + -28?
-35
Calculate 24 + (0 + 1 - 2) - (427 + (-265 - 166)).
27
(-6 - -11) + 18 + (-51 - -41)
13
What is 8 + 4 + (1 - -34)?
47
Calculate -1 + (1 - -5) + (66 - -37) + -9.
99
What is -50 + (21 - 13 - 3) + 4?
-41
8 + 8 + (-7 + 15 + -10 - (5 + -63))
72
Calculate 32 + (-21 - -50) - (-14 + (-10 - -6)).
79
What is (-15 - -30) + 9 - 79?
-55
Calculate -8 + 1 - (-7 + (-36 - -46)) - (7 - 126).
109
Evaluate -98 + 190 + (25 - 94).
23
Evaluate -9 + -4 + -1 + 20 + -2 + -12.
-8
(52 - -1) + 6 + (-23 - (-4 - 0))
40
Evaluate -9 + (14 - (-26 - -18 - 21) - (-1 - -9)).
26
Calculate -1 + -47 - (817 + -877).
12
What is the value of 41 + (-37 - -9 - (-53 - -17))?
49
-13 - -131 - 6 - (199 + -183 + -11 + 1)
106
Calculate -42 - (8 - (30 - 25 - -12)).
-33
Evaluate 4 - (8 - 40) - -15.
51
Evaluate (3 + 102 - (9 - 6) - (-367 - -379)) + -4.
86
What is the value of -28 + (-36 - -28) + (-42 - -8)?
-70
What is (44 - (-1 + 5) - (-9 - 3)) + 15?
67
What is -160 - (-6 - 21 - 91)?
-42
Evaluate 3 + 2 - (6 - -1 - -57) - (-22 - -27).
-64
(-1 - 17 - -4) + 4 + (-5 - -3) - -4
-8
What is 0 - (10 + -69 + (8 - 19))?
70
What is 14 - (19 - 5 - 15) - 52?
-37
Calculate (39 - (37 + -6)) + 36 + -3 + 1.
42
Evaluate (-6 - -2) + 8 + 10.
14
What is the value of 77 + (-21 - 117) + 52?
-9
Calculate -10 - -8 - ((-6 - -32) + 9 + 2 + 2).
-41
Evaluate -23 + 47 - 12 - (8 - (-3 - -9)).
10
(27 - 14) + 0 + 4 + -3 + -41
-27
What is the value of (-16 - 5) + (16 - 9 - (-93 - -101))?
-22
Calculate (2 + -3 - -36) + (803 - 801).
37
What is -13 + (-11 - (-8 - -13)) + 11 - -13?
-5
What is -6 + -18 + 29 - (0 - (-33 + 4))?
-24
(42 - -15) + 9 + (7 + -4 - -17)
86
97 + (-10 - -17 - 55)
49
What is (-15 - ((-13 - 7) + 26 - 14)) + -7?
-14
Evaluate -19 + -1 - ((9 - 21) + 6) - (-1 - -4).
-17
Evaluate -14 - (39 - (11 + 10 + -2)).
-34
What is the value of -13 + (-103 - -190 - 93)?
-19
93 + (-74 - -14) - -5
38
What is -125 + (-126 - -104) + 100?
-47
What is -8 + 2 + 7 + 3 + 17 + -14?
7
Calculate (22 - (11 + -25) - 20) + -12 + (-6 - 0).
-2
What is 48 + (-48 + -22 - 31)?
-53
Calculate 2 + -33 + (24 - 4) + 0 + 43 + 1.
33
What is the value of -188 - (-36 - (42 - 36)) - -30?
-116
What is the value of -7 + 18 + -7 - (-2 - 0 - (-16 + -17))?
-27
Calculate (-25 - -28 - -29) + -59.
-27
Calculate 53 - (63 + -50) - (-23 - -7).
56
(-102 - (49 + -249)) + -67
31
Evaluate 28 + -41 - (-2 + -18) - -25.
32
Calculate 42 + (-19 - (3 - 20) - (-2 + 4)).
38
28 + -201 + 64 + (13 - 1)
-97
(-33 - (30 - 37)) + 71
45
81 + (-82 - 49) - 5
-55
What is -9 - (-4 + (7 - 1 - (5 - 10) - -62))?
-78
Calculate (-56 - 168 - -207) + -16 + 1.
-32
-38 - -11 - -33 - -14 - -10
30
What is the value of (-1 - (-1 + (2 - -14))) + 22 + -45?
-39
What is the value of -9 - (10 - 18 - (43 + -10 - -11))?
43
((-2 - 6) + 4 - (203 + -218)) + -8
3
What is the value of -75 - (5 - ((3 - -1) + -3 - (-67 + 75)))?
-87
What is the value of (-2 - -8) + -9 + (75 + 4 - 4) + -10?
62
What is the value of (-33 - -67) + -61 + 33 - (23 - 0)?
-17
What is the value of -17 + -10 + (-1 - 0 - -19)?
-9
17 + (65 - 66) - (1 - -62)
-47
-15 - (-13 + -29 + (-5 - -99))
-67
-5 - (89 + -57 + -38)
1
17 - ((-110 - -30) + -10 + 16 + -9)
100
What is the value of (-61 - (50 - 126)) + (0 - -33)?
48
What is 5 - -14 - (93 - 43 - 20) - (-1 - -2)?
-12
Calculate (1 - ((23 - 9) + 10 + -6)) + 56.
39
What is the value of (2 - 64) + 11 - (7 - (12 + (2 - -3)))?
-41
What is 34 + (20 - (4 + 27)) + -126?
-103
Evaluate -6 + -2 + 2 + 80 + -89 + 5.
-10
Calculate (5 - -18 - -43 - -21) + (1 - 13).
75
What is -12 + (-1623 + 1622 - (36 + 1 + 0))?
-50
Evaluate (34 - 76) + 27 + 44 - ((2 - 15) + 2).
40
Evaluate (13 - (-2 + -8 + -11)) + 17.
51
What is 22 + -179 + 201 + (-15 - 1)?
28
Calculate 3 - -5 - (-15 + (-4 - -6 - 13) + 43).
-9
What is -14 + 7 + 3 + 9 + -15 + 8 - -23?
21
What is (-21 - (12 + -21) - 7) + -23?
-42
What is -8 + (19 - 4 - -3)?
10
(-209 - -233 - (3 + (4 - -1))) + -79
-63
Evaluate (-17 - (-66 + 4 + -19)) + -7.
57
What is 13 + (15 - 28) + 62?
62
Calculate (-4 + -9 + 13 - (1 - -9)) + 42 + -34.
-2
What is (-1 + -7 - -53) + (14 - (11 - 5) - 18)?
35
Evaluate -36 + (-8 - 2) + (-1021 - -1018).
-49
What is the value of 13 + 23 + -69 + -30 - (-21 - -1)?
-43
What is the value of (3 - 83) + (-2190 - -2246)?
-24
What is the value of 37 + -90 + 70 + 1 + 38?
56
Calculate (38 - -2) + 3543 + -3597.
-14
Evaluate -1 + 30 - ((-5 - -2 - -9 - 17) + 8).
32
What is (23 + -24 + -9 - ((1 - 17) + -1)) + -10?
-3
Calculate -25 + (-25 - -9 - -37) + 3.
-1
Evaluate -10 + (269 + -288 - (20 - -1)).
-50
Evaluate 2 + -10 - (-22 + 34 + -30).
10
(18 - 20) + 21 + (4 - -7)
30
Evaluate 23 + -3 + (-12 - -40 - 37) + -69.
-58
Calculate -4819 - -4812 - (-1 + (-23 - -1)).
16
11 - ((1 - 23) + 5 + 20 - (2 - -117))
127
8 - (38 + -23 - (-1 - 6 - 52))
-66
Calculate (1 - -1) + (-33 - -29) - -11 - (65 - 156).
100
What is -5 + 16 - -147 - (4 + 1 + -4 - -12)?
145
What is the value of -32 + (-13 - -16 - -16) + (39 - 1)?
25
What is the value of (-10 - (-10 - (7 - 11))) + (11 - 3) + -5?
-1
Evaluate 72 - (39 - (-16 + 30) - 61).
108
What is the value of -17 - (-44 - (-1 + 0 + -13 + 18))?
31
What is the value of 32 - 62 - -30 - -10?
10
What is the value of 49 + -16 + 4 + -28 - (-4 + -22)?
35
What is the value of -73 - -158 - (-13 - -65)?
33
Calculate -58 - (-15 + 40 - 91).
8
Calculate -17 + 0 + 48 + -40 - -21 - -8.
20
Calculate (4 - (50 - -1)) + (-3494 - -3470).
-71
Calculate (16 + -1 + -10 - ((13 - 10) + -3)) + -22.
-17
What is 5 - (-128 + 101 - -45)?
-13
Calculate (72 - 9) + 11 + (8 - (-5 + 12)) + -2.
73
What is -10 + (-35 - -157) + -41?
71
Evaluate 2 - ((0 - 10) + (29 - (-30 - -3) - 5)).
-39
What is the value of (7763 - 7771) + (-1 - -85)?
76
143 - 184 - ((-2 - -3) + -4) - (4 + -15)
-27
What is (3 + 0 - (2 - -31)) + (3256 - 3244)?
-18
Calculate (-5 - (3 + -6)) + 15 + -131 + 71 + 89.
42
Calculate 41 + 32 + -37 + -15.
21
Calculate -725 + 769 + (-5 - (-9 + 8)).
40
Evaluate (70 - 91) + -123 + (-2 - 2) - (-1 - 10).
-137
Evaluate -2 - (15 - -27 - 21) - 5.
-28
6 - ((5 - 23) + 13 - -6)
5
What is (-4 - 2) + -1 + -12 + (-10 + -3 - -18)?
-14
What is -21 + 0 + 5068 + -5010?
37
(84 - (-57 + 69)) + -47
25
What is -2 + 15 - (29 + -73 - -38)?
19
Calculate -6 - (-126 + (136 - 113)).
97
(1 - 8 - (111 - 106)) + -28 + -1 + 8
-33
What is -1 + -3 + (0 - (35 + -19) - -27)?
7
Evaluate -290 + 92 + 84 + 19.
-95
Calculate -5 - ((-5 - (9 + -26)) + -54).
37
What is the value of 5 + -2 + (-6 - 15) - (29 - -2)?
-49
What is the value of -65 + 18 + 134 - (18 - 0)?
69
What is the value of -18 - (427 + -415 - (5 - 41))?
-66
What is the value of (-41 - -65) + -52 - -58?
30
What is the value of 16 - 60 - (-8 - -1 - (54 - 49))?
-32
Calculate 0 - 18 - (83 + (-58 - 52)).
9
Calculate 24 - -3 - -4 - (-11 - -19 - (-4 + 6)).
25
Calculate -27 + 3 + (44 - (33 + -25)).
12
Evaluate 80 - -34 - (45 - 34).
103
What is 0 + 88 - (-6885 - -7050)?
-77
Evaluate (144 - 188) + 61 + -7 + -1.
9
What is (-4 - -36) + -48 + 3 - (-6 + -113)?
106
What is -5 + (0 - (2 + -1)) + (-210 - -149) + -6?
-73
Evaluate -14 - (61 - 25) - -7.
-43
((17 - 18) + -41 - -29) + -5 + 0
-18
Evaluate -23 + 0 + (751 - 724) - (0 - -19).
-15
What is (27 - ((-13 - -10) + 12)) + -6 + 0?
12
(0 - (-1 - -3 - 8)) + -66 + -20 + 93
13
Evaluate -6 + -113 - (7 + 3 - (33 - 6)).
-102
What is 114 + (-220 - (-59 + -55))?
8
What is the value of (48 - (-9 - -61)) + -1 + 12?
7
What is 946 + -852 + 